{"id":1428,"date":"2024-10-09T15:57:15","date_gmt":"2024-10-09T13:57:15","guid":{"rendered":"https:\/\/ja33.fr\/?page_id=1428"},"modified":"2024-10-09T16:07:09","modified_gmt":"2024-10-09T14:07:09","slug":"services","status":"publish","type":"page","link":"https:\/\/ja33.fr\/?page_id=1428","title":{"rendered":"Services"},"content":{"rendered":"\n<div class=\"wp-block-media-text is-stacked-on-mobile has-tertiary-background-color has-background\" style=\"grid-template-columns:38% auto\"><figure class=\"wp-block-media-text__media\"><img fetchpriority=\"high\" decoding=\"async\" width=\"1024\" height=\"576\" src=\"https:\/\/ja33.fr\/wp-content\/uploads\/2024\/10\/Design-sans-titre-1024x576.png\" alt=\"\" class=\"wp-image-1437 size-full\" srcset=\"https:\/\/ja33.fr\/wp-content\/uploads\/2024\/10\/Design-sans-titre-1024x576.png 1024w, https:\/\/ja33.fr\/wp-content\/uploads\/2024\/10\/Design-sans-titre-300x169.png 300w, https:\/\/ja33.fr\/wp-content\/uploads\/2024\/10\/Design-sans-titre.png 1366w\" sizes=\"(max-width: 1024px) 100vw, 1024px\" \/><\/figure><div class=\"wp-block-media-text__content\">\n<h2 class=\"wp-block-heading has-white-color has-text-color has-link-color wp-elements-f6f8a03b1939b9a9a87a0f275bcc9e7f\">Prestations de communication<\/h2>\n\n\n\n<p class=\"has-white-color has-text-color has-link-color wp-elements-1728a47867963b09a6636bad9f3cc921\">Le syndicat des JA Gironde vous propose diff\u00e9rentes prestations de communication afin de vous aider \u00e0 d\u00e9velopper votre communication digitale. <strong><em><a href=\"https:\/\/ja33.fr\/?page_id=1297\">Plus d&rsquo;infos<\/a><\/em><\/strong><\/p>\n<\/div><\/div>\n\n\n\n<div style=\"height:100px\" aria-hidden=\"true\" class=\"wp-block-spacer\"><\/div>\n\n\n\n<div class=\"wp-block-media-text has-media-on-the-right is-stacked-on-mobile has-tertiary-background-color has-background\" style=\"grid-template-columns:auto 37%\"><div class=\"wp-block-media-text__content\">\n<h2 class=\"wp-block-heading has-white-color has-text-color has-link-color wp-elements-c84650a515c8d45b7097e7c3df8ad723\">Produits d\u00e9riv\u00e9s<\/h2>\n\n\n\n<p class=\"has-white-color has-text-color has-link-color wp-elements-ef669fbbecc319a5aaf4b25cba909792\">Nous vous proposons d&rsquo;habiller vos enfants aux couleurs du syndicat en vendant un t-shirt et une casquette floqu\u00e9e JA. <em><strong><a href=\"https:\/\/ja33.fr\/?page_id=1367\">Plus d&rsquo;infos<\/a><\/strong><\/em><\/p>\n<\/div><figure class=\"wp-block-media-text__media\"><img decoding=\"async\" width=\"1024\" height=\"637\" src=\"https:\/\/ja33.fr\/wp-content\/uploads\/2024\/10\/a6554ff1-5077-4d60-8053-808d049a84e1-e1728481070791-1024x637.jpg\" alt=\"\" class=\"wp-image-1434 size-full\" srcset=\"https:\/\/ja33.fr\/wp-content\/uploads\/2024\/10\/a6554ff1-5077-4d60-8053-808d049a84e1-e1728481070791-1024x637.jpg 1024w, https:\/\/ja33.fr\/wp-content\/uploads\/2024\/10\/a6554ff1-5077-4d60-8053-808d049a84e1-e1728481070791-300x187.jpg 300w, https:\/\/ja33.fr\/wp-content\/uploads\/2024\/10\/a6554ff1-5077-4d60-8053-808d049a84e1-e1728481070791-768x478.jpg 768w, https:\/\/ja33.fr\/wp-content\/uploads\/2024\/10\/a6554ff1-5077-4d60-8053-808d049a84e1-e1728481070791.jpg 1536w\" sizes=\"(max-width: 1024px) 100vw, 1024px\" \/><\/figure><\/div>\n\n\n\n<p><\/p>\n","protected":false},"excerpt":{"rendered":"<p>Prestations de communication Le syndicat des JA Gironde vous propose diff\u00e9rentes prestations de communication afin de vous aider \u00e0 d\u00e9velopper votre communication digitale. Plus d&rsquo;infos Produits d\u00e9riv\u00e9s Nous vous proposons d&rsquo;habiller vos enfants aux couleurs du syndicat en vendant un t-shirt et une casquette floqu\u00e9e JA. Plus d&rsquo;infos<\/p>\n","protected":false},"author":1,"featured_media":0,"parent":0,"menu_order":0,"comment_status":"closed","ping_status":"closed","template":"","meta":{"_seopress_robots_primary_cat":"","_seopress_titles_title":"","_seopress_titles_desc":"","_seopress_robots_index":"","footnotes":""},"class_list":["post-1428","page","type-page","status-publish","hentry"],"yoast_head":"<!-- This site is optimized with the Yoast SEO plugin v23.5 - https:\/\/yoast.com\/wordpress\/plugins\/seo\/ -->\n<title>Services - Jeunes Agriculteurs de Gironde<\/title>\n<meta name=\"robots\" content=\"index, follow, max-snippet:-1, max-image-preview:large, max-video-preview:-1\" \/>\n<link rel=\"canonical\" href=\"https:\/\/ja33.fr\/?page_id=1428\" \/>\n<meta property=\"og:locale\" content=\"fr_FR\" \/>\n<meta property=\"og:type\" content=\"article\" \/>\n<meta property=\"og:title\" content=\"Services - Jeunes Agriculteurs de Gironde\" \/>\n<meta property=\"og:description\" content=\"Prestations de communication Le syndicat des JA Gironde vous propose diff\u00e9rentes prestations de communication afin de vous aider \u00e0 d\u00e9velopper votre communication digitale. Plus d&rsquo;infos Produits d\u00e9riv\u00e9s Nous vous proposons d&rsquo;habiller vos enfants aux couleurs du syndicat en vendant un t-shirt et une casquette floqu\u00e9e JA. Plus d&rsquo;infos\" \/>\n<meta property=\"og:url\" content=\"https:\/\/ja33.fr\/?page_id=1428\" \/>\n<meta property=\"og:site_name\" content=\"Jeunes Agriculteurs de Gironde\" \/>\n<meta property=\"article:modified_time\" content=\"2024-10-09T14:07:09+00:00\" \/>\n<meta property=\"og:image\" content=\"https:\/\/ja33.fr\/wp-content\/uploads\/2024\/10\/Design-sans-titre-1024x576.png\" \/>\n<meta name=\"twitter:card\" content=\"summary_large_image\" \/>\n<meta name=\"twitter:label1\" content=\"Dur\u00e9e de lecture estim\u00e9e\" \/>\n\t<meta name=\"twitter:data1\" content=\"1 minute\" \/>\n<script type=\"application\/ld+json\" class=\"yoast-schema-graph\">{\"@context\":\"https:\/\/schema.org\",\"@graph\":[{\"@type\":\"WebPage\",\"@id\":\"https:\/\/ja33.fr\/?page_id=1428\",\"url\":\"https:\/\/ja33.fr\/?page_id=1428\",\"name\":\"Services - Jeunes Agriculteurs de Gironde\",\"isPartOf\":{\"@id\":\"https:\/\/ja33.fr\/#website\"},\"primaryImageOfPage\":{\"@id\":\"https:\/\/ja33.fr\/?page_id=1428#primaryimage\"},\"image\":{\"@id\":\"https:\/\/ja33.fr\/?page_id=1428#primaryimage\"},\"thumbnailUrl\":\"https:\/\/ja33.fr\/wp-content\/uploads\/2024\/10\/Design-sans-titre-1024x576.png\",\"datePublished\":\"2024-10-09T13:57:15+00:00\",\"dateModified\":\"2024-10-09T14:07:09+00:00\",\"breadcrumb\":{\"@id\":\"https:\/\/ja33.fr\/?page_id=1428#breadcrumb\"},\"inLanguage\":\"fr-FR\",\"potentialAction\":[{\"@type\":\"ReadAction\",\"target\":[\"https:\/\/ja33.fr\/?page_id=1428\"]}]},{\"@type\":\"ImageObject\",\"inLanguage\":\"fr-FR\",\"@id\":\"https:\/\/ja33.fr\/?page_id=1428#primaryimage\",\"url\":\"https:\/\/ja33.fr\/wp-content\/uploads\/2024\/10\/Design-sans-titre.png\",\"contentUrl\":\"https:\/\/ja33.fr\/wp-content\/uploads\/2024\/10\/Design-sans-titre.png\",\"width\":1366,\"height\":768},{\"@type\":\"BreadcrumbList\",\"@id\":\"https:\/\/ja33.fr\/?page_id=1428#breadcrumb\",\"itemListElement\":[{\"@type\":\"ListItem\",\"position\":1,\"name\":\"Accueil\",\"item\":\"https:\/\/ja33.fr\/\"},{\"@type\":\"ListItem\",\"position\":2,\"name\":\"Services\"}]},{\"@type\":\"WebSite\",\"@id\":\"https:\/\/ja33.fr\/#website\",\"url\":\"https:\/\/ja33.fr\/\",\"name\":\"Jeunes Agriculteurs de Gironde\",\"description\":\"\",\"publisher\":{\"@id\":\"https:\/\/ja33.fr\/#organization\"},\"potentialAction\":[{\"@type\":\"SearchAction\",\"target\":{\"@type\":\"EntryPoint\",\"urlTemplate\":\"https:\/\/ja33.fr\/?s={search_term_string}\"},\"query-input\":{\"@type\":\"PropertyValueSpecification\",\"valueRequired\":true,\"valueName\":\"search_term_string\"}}],\"inLanguage\":\"fr-FR\"},{\"@type\":\"Organization\",\"@id\":\"https:\/\/ja33.fr\/#organization\",\"name\":\"Jeunes Agriculteurs de Gironde\",\"url\":\"https:\/\/ja33.fr\/\",\"logo\":{\"@type\":\"ImageObject\",\"inLanguage\":\"fr-FR\",\"@id\":\"https:\/\/ja33.fr\/#\/schema\/logo\/image\/\",\"url\":\"https:\/\/ja33.fr\/wp-content\/uploads\/2023\/11\/Logo_JA33_blanc.png\",\"contentUrl\":\"https:\/\/ja33.fr\/wp-content\/uploads\/2023\/11\/Logo_JA33_blanc.png\",\"width\":2235,\"height\":1955,\"caption\":\"Jeunes Agriculteurs de Gironde\"},\"image\":{\"@id\":\"https:\/\/ja33.fr\/#\/schema\/logo\/image\/\"}}]}<\/script>\n<!-- \/ Yoast SEO plugin. -->","yoast_head_json":{"title":"Services - Jeunes Agriculteurs de Gironde","robots":{"index":"index","follow":"follow","max-snippet":"max-snippet:-1","max-image-preview":"max-image-preview:large","max-video-preview":"max-video-preview:-1"},"canonical":"https:\/\/ja33.fr\/?page_id=1428","og_locale":"fr_FR","og_type":"article","og_title":"Services - Jeunes Agriculteurs de Gironde","og_description":"Prestations de communication Le syndicat des JA Gironde vous propose diff\u00e9rentes prestations de communication afin de vous aider \u00e0 d\u00e9velopper votre communication digitale. Plus d&rsquo;infos Produits d\u00e9riv\u00e9s Nous vous proposons d&rsquo;habiller vos enfants aux couleurs du syndicat en vendant un t-shirt et une casquette floqu\u00e9e JA. Plus d&rsquo;infos","og_url":"https:\/\/ja33.fr\/?page_id=1428","og_site_name":"Jeunes Agriculteurs de Gironde","article_modified_time":"2024-10-09T14:07:09+00:00","og_image":[{"url":"https:\/\/ja33.fr\/wp-content\/uploads\/2024\/10\/Design-sans-titre-1024x576.png"}],"twitter_card":"summary_large_image","twitter_misc":{"Dur\u00e9e de lecture estim\u00e9e":"1 minute"},"schema":{"@context":"https:\/\/schema.org","@graph":[{"@type":"WebPage","@id":"https:\/\/ja33.fr\/?page_id=1428","url":"https:\/\/ja33.fr\/?page_id=1428","name":"Services - Jeunes Agriculteurs de Gironde","isPartOf":{"@id":"https:\/\/ja33.fr\/#website"},"primaryImageOfPage":{"@id":"https:\/\/ja33.fr\/?page_id=1428#primaryimage"},"image":{"@id":"https:\/\/ja33.fr\/?page_id=1428#primaryimage"},"thumbnailUrl":"https:\/\/ja33.fr\/wp-content\/uploads\/2024\/10\/Design-sans-titre-1024x576.png","datePublished":"2024-10-09T13:57:15+00:00","dateModified":"2024-10-09T14:07:09+00:00","breadcrumb":{"@id":"https:\/\/ja33.fr\/?page_id=1428#breadcrumb"},"inLanguage":"fr-FR","potentialAction":[{"@type":"ReadAction","target":["https:\/\/ja33.fr\/?page_id=1428"]}]},{"@type":"ImageObject","inLanguage":"fr-FR","@id":"https:\/\/ja33.fr\/?page_id=1428#primaryimage","url":"https:\/\/ja33.fr\/wp-content\/uploads\/2024\/10\/Design-sans-titre.png","contentUrl":"https:\/\/ja33.fr\/wp-content\/uploads\/2024\/10\/Design-sans-titre.png","width":1366,"height":768},{"@type":"BreadcrumbList","@id":"https:\/\/ja33.fr\/?page_id=1428#breadcrumb","itemListElement":[{"@type":"ListItem","position":1,"name":"Accueil","item":"https:\/\/ja33.fr\/"},{"@type":"ListItem","position":2,"name":"Services"}]},{"@type":"WebSite","@id":"https:\/\/ja33.fr\/#website","url":"https:\/\/ja33.fr\/","name":"Jeunes Agriculteurs de Gironde","description":"","publisher":{"@id":"https:\/\/ja33.fr\/#organization"},"potentialAction":[{"@type":"SearchAction","target":{"@type":"EntryPoint","urlTemplate":"https:\/\/ja33.fr\/?s={search_term_string}"},"query-input":{"@type":"PropertyValueSpecification","valueRequired":true,"valueName":"search_term_string"}}],"inLanguage":"fr-FR"},{"@type":"Organization","@id":"https:\/\/ja33.fr\/#organization","name":"Jeunes Agriculteurs de Gironde","url":"https:\/\/ja33.fr\/","logo":{"@type":"ImageObject","inLanguage":"fr-FR","@id":"https:\/\/ja33.fr\/#\/schema\/logo\/image\/","url":"https:\/\/ja33.fr\/wp-content\/uploads\/2023\/11\/Logo_JA33_blanc.png","contentUrl":"https:\/\/ja33.fr\/wp-content\/uploads\/2023\/11\/Logo_JA33_blanc.png","width":2235,"height":1955,"caption":"Jeunes Agriculteurs de Gironde"},"image":{"@id":"https:\/\/ja33.fr\/#\/schema\/logo\/image\/"}}]}},"_links":{"self":[{"href":"https:\/\/ja33.fr\/index.php?rest_route=\/wp\/v2\/pages\/1428","targetHints":{"allow":["GET"]}}],"collection":[{"href":"https:\/\/ja33.fr\/index.php?rest_route=\/wp\/v2\/pages"}],"about":[{"href":"https:\/\/ja33.fr\/index.php?rest_route=\/wp\/v2\/types\/page"}],"author":[{"embeddable":true,"href":"https:\/\/ja33.fr\/index.php?rest_route=\/wp\/v2\/users\/1"}],"replies":[{"embeddable":true,"href":"https:\/\/ja33.fr\/index.php?rest_route=%2Fwp%2Fv2%2Fcomments&post=1428"}],"version-history":[{"count":7,"href":"https:\/\/ja33.fr\/index.php?rest_route=\/wp\/v2\/pages\/1428\/revisions"}],"predecessor-version":[{"id":1443,"href":"https:\/\/ja33.fr\/index.php?rest_route=\/wp\/v2\/pages\/1428\/revisions\/1443"}],"wp:attachment":[{"href":"https:\/\/ja33.fr\/index.php?rest_route=%2Fwp%2Fv2%2Fmedia&parent=1428"}],"curies":[{"name":"wp","href":"https:\/\/api.w.org\/{rel}","templated":true}]}}

<div class="wp-block-media-text is-stacked-on-mobile has-tertiary-background-color has-background" style="grid-template-columns:38% auto"><figure class="wp-block-media-text__media"><img fetchpriority="high" decoding="async" width="1024" height="576" src="https://ja33.fr/wp-content/uploads/2024/10/Design-sans-titre-1024x576.png" alt="" class="wp-image-1437 size-full" srcset="https://ja33.fr/wp-content/uploads/2024/10/Design-sans-titre-1024x576.png 1024w, https://ja33.fr/wp-content/uploads/2024/10/Design-sans-titre-300x169.png 300w, https://ja33.fr/wp-content/uploads/2024/10/Design-sans-titre.png 1366w" sizes="(max-width: 1024px) 100vw, 1024px" /></figure><div class="wp-block-media-text__content">
<h2 class="wp-block-heading has-white-color has-text-color has-link-color wp-elements-f6f8a03b1939b9a9a87a0f275bcc9e7f">Prestations de communication</h2>



<p class="has-white-color has-text-color has-link-color wp-elements-1728a47867963b09a6636bad9f3cc921">Le syndicat des JA Gironde vous propose différentes prestations de communication afin de vous aider à développer votre communication digitale. <strong><em><a href="https://ja33.fr/?page_id=1297">Plus d&rsquo;infos</a></em></strong></p>
</div></div>



<div style="height:100px" aria-hidden="true" class="wp-block-spacer"></div>



<div class="wp-block-media-text has-media-on-the-right is-stacked-on-mobile has-tertiary-background-color has-background" style="grid-template-columns:auto 37%"><div class="wp-block-media-text__content">
<h2 class="wp-block-heading has-white-color has-text-color has-link-color wp-elements-c84650a515c8d45b7097e7c3df8ad723">Produits dérivés</h2>



<p class="has-white-color has-text-color has-link-color wp-elements-ef669fbbecc319a5aaf4b25cba909792">Nous vous proposons d&rsquo;habiller vos enfants aux couleurs du syndicat en vendant un t-shirt et une casquette floquée JA. <em><strong><a href="https://ja33.fr/?page_id=1367">Plus d&rsquo;infos</a></strong></em></p>
</div><figure class="wp-block-media-text__media"><img decoding="async" width="1024" height="637" src="https://ja33.fr/wp-content/uploads/2024/10/a6554ff1-5077-4d60-8053-808d049a84e1-e1728481070791-1024x637.jpg" alt="" class="wp-image-1434 size-full" srcset="https://ja33.fr/wp-content/uploads/2024/10/a6554ff1-5077-4d60-8053-808d049a84e1-e1728481070791-1024x637.jpg 1024w, https://ja33.fr/wp-content/uploads/2024/10/a6554ff1-5077-4d60-8053-808d049a84e1-e1728481070791-300x187.jpg 300w, https://ja33.fr/wp-content/uploads/2024/10/a6554ff1-5077-4d60-8053-808d049a84e1-e1728481070791-768x478.jpg 768w, https://ja33.fr/wp-content/uploads/2024/10/a6554ff1-5077-4d60-8053-808d049a84e1-e1728481070791.jpg 1536w" sizes="(max-width: 1024px) 100vw, 1024px" /></figure></div>



<p></p>

<p>Prestations de communication Le syndicat des JA Gironde vous propose différentes prestations de communication afin de vous aider à développer votre communication digitale. Plus d&rsquo;infos Produits dérivés Nous vous proposons d&rsquo;habiller vos enfants aux couleurs du syndicat en vendant un t-shirt et une casquette floquée JA. Plus d&rsquo;infos</p>

<!-- This site is optimized with the Yoast SEO plugin v23.5 - https://yoast.com/wordpress/plugins/seo/ -->
<title>Services - Jeunes Agriculteurs de Gironde</title>
<meta name="robots" content="index, follow, max-snippet:-1, max-image-preview:large, max-video-preview:-1" />
<link rel="canonical" href="https://ja33.fr/?page_id=1428" />
<meta property="og:locale" content="fr_FR" />
<meta property="og:type" content="article" />
<meta property="og:title" content="Services - Jeunes Agriculteurs de Gironde" />
<meta property="og:description" content="Prestations de communication Le syndicat des JA Gironde vous propose différentes prestations de communication afin de vous aider à développer votre communication digitale. Plus d&rsquo;infos Produits dérivés Nous vous proposons d&rsquo;habiller vos enfants aux couleurs du syndicat en vendant un t-shirt et une casquette floquée JA. Plus d&rsquo;infos" />
<meta property="og:url" content="https://ja33.fr/?page_id=1428" />
<meta property="og:site_name" content="Jeunes Agriculteurs de Gironde" />
<meta property="article:modified_time" content="2024-10-09T14:07:09+00:00" />
<meta property="og:image" content="https://ja33.fr/wp-content/uploads/2024/10/Design-sans-titre-1024x576.png" />
<meta name="twitter:card" content="summary_large_image" />
<meta name="twitter:label1" content="Durée de lecture estimée" />
	<meta name="twitter:data1" content="1 minute" />
<script type="application/ld+json" class="yoast-schema-graph">{"@context":"https://schema.org","@graph":[{"@type":"WebPage","@id":"https://ja33.fr/?page_id=1428","url":"https://ja33.fr/?page_id=1428","name":"Services - Jeunes Agriculteurs de Gironde","isPartOf":{"@id":"https://ja33.fr/#website"},"primaryImageOfPage":{"@id":"https://ja33.fr/?page_id=1428#primaryimage"},"image":{"@id":"https://ja33.fr/?page_id=1428#primaryimage"},"thumbnailUrl":"https://ja33.fr/wp-content/uploads/2024/10/Design-sans-titre-1024x576.png","datePublished":"2024-10-09T13:57:15+00:00","dateModified":"2024-10-09T14:07:09+00:00","breadcrumb":{"@id":"https://ja33.fr/?page_id=1428#breadcrumb"},"inLanguage":"fr-FR","potentialAction":[{"@type":"ReadAction","target":["https://ja33.fr/?page_id=1428"]}]},{"@type":"ImageObject","inLanguage":"fr-FR","@id":"https://ja33.fr/?page_id=1428#primaryimage","url":"https://ja33.fr/wp-content/uploads/2024/10/Design-sans-titre.png","contentUrl":"https://ja33.fr/wp-content/uploads/2024/10/Design-sans-titre.png","width":1366,"height":768},{"@type":"BreadcrumbList","@id":"https://ja33.fr/?page_id=1428#breadcrumb","itemListElement":[{"@type":"ListItem","position":1,"name":"Accueil","item":"https://ja33.fr/"},{"@type":"ListItem","position":2,"name":"Services"}]},{"@type":"WebSite","@id":"https://ja33.fr/#website","url":"https://ja33.fr/","name":"Jeunes Agriculteurs de Gironde","description":"","publisher":{"@id":"https://ja33.fr/#organization"},"potentialAction":[{"@type":"SearchAction","target":{"@type":"EntryPoint","urlTemplate":"https://ja33.fr/?s={search_term_string}"},"query-input":{"@type":"PropertyValueSpecification","valueRequired":true,"valueName":"search_term_string"}}],"inLanguage":"fr-FR"},{"@type":"Organization","@id":"https://ja33.fr/#organization","name":"Jeunes Agriculteurs de Gironde","url":"https://ja33.fr/","logo":{"@type":"ImageObject","inLanguage":"fr-FR","@id":"https://ja33.fr/#/schema/logo/image/","url":"https://ja33.fr/wp-content/uploads/2023/11/Logo_JA33_blanc.png","contentUrl":"https://ja33.fr/wp-content/uploads/2023/11/Logo_JA33_blanc.png","width":2235,"height":1955,"caption":"Jeunes Agriculteurs de Gironde"},"image":{"@id":"https://ja33.fr/#/schema/logo/image/"}}]}</script>
<!-- / Yoast SEO plugin. -->

Prestations de communication Le syndicat des JA Gironde vous propose différentes prestations de communication afin de vous aider à développer votre communication digitale. Plus d&rsquo;infos Produits dérivés Nous vous proposons d&rsquo;habiller vos enfants aux couleurs du syndicat en vendant un t-shirt et une casquette floquée JA. Plus d&rsquo;infos
